{"id":884,"date":"2020-02-01T14:32:05","date_gmt":"2020-02-01T13:32:05","guid":{"rendered":"https:\/\/massageblind.ch\/contact\/"},"modified":"2026-04-30T11:27:56","modified_gmt":"2026-04-30T09:27:56","slug":"contact","status":"publish","type":"page","link":"https:\/\/massageblind.ch\/fr\/contact\/","title":{"rendered":"Contact"},"content":{"rendered":"\n\n\t<strong>Georg Moser<\/strong><br \/>\n<strong>Pr\u00e9sident MassageBlind<\/strong>\nBadrain 7<br \/>\n6210 Sursee \/ LU\nT\u00e9l. 041 921 3838<br \/>\nMobile 079 371 7766\n<a href=\"mailto:info@medmass-moser.ch\">info@medmass-moser.ch<br \/>\n<\/a><a href=\"http:\/\/www.medmass-moser.ch\/\">www.medmass-moser.ch<\/a>\nSi vous souhaitez nous soutenir, nous serions tr\u00e8s heureux :<br \/>\nLuzerner Kantonalbank, 6003 Luzern<br \/>\n<strong>IBAN: CH88 0077 8209 7948 0200 1<\/strong>\n\n\n<div class=\"gsp_post_data\" \r\n\t            data-post_type=\"page\" \r\n\t            data-cat=\"\" \r\n\t            data-modified=\"120\"\r\n\t            data-created=\"1580567525\"\r\n\t            data-title=\"Contact\" \r\n\t            data-home=\"https:\/\/massageblind.ch\/fr\/\"><\/div>","protected":false},"excerpt":{"rendered":"<div class=\"entry-summary\">\n<div class=\"entry-summary\">\nGeorg Moser Pr\u00e9sident MassageBlind Badrain 7 6210 Sursee \/ LU T\u00e9l. 041 921 3838 Mobile 079 371 7766 info@medmass-moser.ch www.medmass-moser.ch Si vous souhaitez nous soutenir, nous serions tr\u00e8s heureux : Luzerner Kantonalbank, 6003 Luzern IBAN: CH88 0077 8209 7948 0200&hellip;\n<\/div>\n<div class=\"link-more\"><a href=\"https:\/\/massageblind.ch\/fr\/contact\/\" class=\"more-link\">Continue reading<span class=\"screen-reader-text\"> &ldquo;Contact&rdquo;<\/span>&hellip;<\/a><\/div>\n<\/div>\n<div class=\"link-more\"><a href=\"https:\/\/massageblind.ch\/fr\/contact\/\" class=\"more-link\">Continue reading<span class=\"screen-reader-text\"> &ldquo;Contact&rdquo;<\/span>&hellip;<\/a><\/div>\n","protected":false},"author":1,"featured_media":0,"parent":0,"menu_order":14,"comment_status":"closed","ping_status":"closed","template":"","meta":{"_monsterinsights_skip_tracking":false,"_monsterinsights_sitenote_active":false,"_monsterinsights_sitenote_note":"","_monsterinsights_sitenote_category":0,"footnotes":""},"class_list":["post-884","page","type-page","status-publish","hentry","entry"],"yoast_head":"<!-- This site is optimized with the Yoast SEO plugin v27.5 - https:\/\/yoast.com\/product\/yoast-seo-wordpress\/ -->\n<title>Contact - MassageBlind<\/title>\n<meta name=\"description\" content=\"Contactez MassageBlind - Surenweidstrasse 1 \u00e0 Oberkirch LU, repr\u00e9sent\u00e9 par notre pr\u00e9sident Georg Moser. Nous avons h\u00e2te de vous voir!\" \/>\n<meta name=\"robots\" content=\"index, follow, max-snippet:-1, max-image-preview:large, max-video-preview:-1\" \/>\n<link rel=\"canonical\" href=\"https:\/\/massageblind.ch\/fr\/contact\/\" \/>\n<meta property=\"og:locale\" content=\"fr_FR\" \/>\n<meta property=\"og:type\" content=\"article\" \/>\n<meta property=\"og:title\" content=\"Contact - MassageBlind\" \/>\n<meta property=\"og:description\" content=\"Contactez MassageBlind - Surenweidstrasse 1 \u00e0 Oberkirch LU, repr\u00e9sent\u00e9 par notre pr\u00e9sident Georg Moser. Nous avons h\u00e2te de vous voir!\" \/>\n<meta property=\"og:url\" content=\"https:\/\/massageblind.ch\/fr\/contact\/\" \/>\n<meta property=\"og:site_name\" content=\"MassageBlind\" \/>\n<meta property=\"article:modified_time\" content=\"2026-04-30T09:27:56+00:00\" \/>\n<meta name=\"twitter:card\" content=\"summary_large_image\" \/>\n<meta name=\"twitter:label1\" content=\"Dur\u00e9e de lecture estim\u00e9e\" \/>\n\t<meta name=\"twitter:data1\" content=\"1 minute\" \/>\n<script type=\"application\/ld+json\" class=\"yoast-schema-graph\">{\"@context\":\"https:\\\/\\\/schema.org\",\"@graph\":[{\"@type\":\"WebPage\",\"@id\":\"https:\\\/\\\/massageblind.ch\\\/fr\\\/contact\\\/\",\"url\":\"https:\\\/\\\/massageblind.ch\\\/fr\\\/contact\\\/\",\"name\":\"Contact - MassageBlind\",\"isPartOf\":{\"@id\":\"https:\\\/\\\/massageblind.ch\\\/#website\"},\"datePublished\":\"2020-02-01T13:32:05+00:00\",\"dateModified\":\"2026-04-30T09:27:56+00:00\",\"description\":\"Contactez MassageBlind - Surenweidstrasse 1 \u00e0 Oberkirch LU, repr\u00e9sent\u00e9 par notre pr\u00e9sident Georg Moser. Nous avons h\u00e2te de vous voir!\",\"breadcrumb\":{\"@id\":\"https:\\\/\\\/massageblind.ch\\\/fr\\\/contact\\\/#breadcrumb\"},\"inLanguage\":\"fr-FR\",\"potentialAction\":[{\"@type\":\"ReadAction\",\"target\":[\"https:\\\/\\\/massageblind.ch\\\/fr\\\/contact\\\/\"]}]},{\"@type\":\"BreadcrumbList\",\"@id\":\"https:\\\/\\\/massageblind.ch\\\/fr\\\/contact\\\/#breadcrumb\",\"itemListElement\":[{\"@type\":\"ListItem\",\"position\":1,\"name\":\"Startseite\",\"item\":\"https:\\\/\\\/massageblind.ch\\\/fr\\\/\"},{\"@type\":\"ListItem\",\"position\":2,\"name\":\"Contact\"}]},{\"@type\":\"WebSite\",\"@id\":\"https:\\\/\\\/massageblind.ch\\\/#website\",\"url\":\"https:\\\/\\\/massageblind.ch\\\/\",\"name\":\"MassageBlind\",\"description\":\"Schweizerischer Verband der sehbehinderten und blinden Med. Masseure\",\"publisher\":{\"@id\":\"https:\\\/\\\/massageblind.ch\\\/#organization\"},\"potentialAction\":[{\"@type\":\"SearchAction\",\"target\":{\"@type\":\"EntryPoint\",\"urlTemplate\":\"https:\\\/\\\/massageblind.ch\\\/?s={search_term_string}\"},\"query-input\":{\"@type\":\"PropertyValueSpecification\",\"valueRequired\":true,\"valueName\":\"search_term_string\"}}],\"inLanguage\":\"fr-FR\"},{\"@type\":\"Organization\",\"@id\":\"https:\\\/\\\/massageblind.ch\\\/#organization\",\"name\":\"MassageBlind\",\"url\":\"https:\\\/\\\/massageblind.ch\\\/\",\"logo\":{\"@type\":\"ImageObject\",\"inLanguage\":\"fr-FR\",\"@id\":\"https:\\\/\\\/massageblind.ch\\\/#\\\/schema\\\/logo\\\/image\\\/\",\"url\":\"https:\\\/\\\/massageblind.ch\\\/wp-content\\\/uploads\\\/2019\\\/09\\\/Logo-MassageBlind-Farben.jpg\",\"contentUrl\":\"https:\\\/\\\/massageblind.ch\\\/wp-content\\\/uploads\\\/2019\\\/09\\\/Logo-MassageBlind-Farben.jpg\",\"width\":1000,\"height\":750,\"caption\":\"MassageBlind\"},\"image\":{\"@id\":\"https:\\\/\\\/massageblind.ch\\\/#\\\/schema\\\/logo\\\/image\\\/\"}}]}<\/script>\n<!-- \/ Yoast SEO plugin. -->","yoast_head_json":{"title":"Contact - MassageBlind","description":"Contactez MassageBlind - Surenweidstrasse 1 \u00e0 Oberkirch LU, repr\u00e9sent\u00e9 par notre pr\u00e9sident Georg Moser. Nous avons h\u00e2te de vous voir!","robots":{"index":"index","follow":"follow","max-snippet":"max-snippet:-1","max-image-preview":"max-image-preview:large","max-video-preview":"max-video-preview:-1"},"canonical":"https:\/\/massageblind.ch\/fr\/contact\/","og_locale":"fr_FR","og_type":"article","og_title":"Contact - MassageBlind","og_description":"Contactez MassageBlind - Surenweidstrasse 1 \u00e0 Oberkirch LU, repr\u00e9sent\u00e9 par notre pr\u00e9sident Georg Moser. Nous avons h\u00e2te de vous voir!","og_url":"https:\/\/massageblind.ch\/fr\/contact\/","og_site_name":"MassageBlind","article_modified_time":"2026-04-30T09:27:56+00:00","twitter_card":"summary_large_image","twitter_misc":{"Dur\u00e9e de lecture estim\u00e9e":"1 minute"},"schema":{"@context":"https:\/\/schema.org","@graph":[{"@type":"WebPage","@id":"https:\/\/massageblind.ch\/fr\/contact\/","url":"https:\/\/massageblind.ch\/fr\/contact\/","name":"Contact - MassageBlind","isPartOf":{"@id":"https:\/\/massageblind.ch\/#website"},"datePublished":"2020-02-01T13:32:05+00:00","dateModified":"2026-04-30T09:27:56+00:00","description":"Contactez MassageBlind - Surenweidstrasse 1 \u00e0 Oberkirch LU, repr\u00e9sent\u00e9 par notre pr\u00e9sident Georg Moser. Nous avons h\u00e2te de vous voir!","breadcrumb":{"@id":"https:\/\/massageblind.ch\/fr\/contact\/#breadcrumb"},"inLanguage":"fr-FR","potentialAction":[{"@type":"ReadAction","target":["https:\/\/massageblind.ch\/fr\/contact\/"]}]},{"@type":"BreadcrumbList","@id":"https:\/\/massageblind.ch\/fr\/contact\/#breadcrumb","itemListElement":[{"@type":"ListItem","position":1,"name":"Startseite","item":"https:\/\/massageblind.ch\/fr\/"},{"@type":"ListItem","position":2,"name":"Contact"}]},{"@type":"WebSite","@id":"https:\/\/massageblind.ch\/#website","url":"https:\/\/massageblind.ch\/","name":"MassageBlind","description":"Schweizerischer Verband der sehbehinderten und blinden Med. Masseure","publisher":{"@id":"https:\/\/massageblind.ch\/#organization"},"potentialAction":[{"@type":"SearchAction","target":{"@type":"EntryPoint","urlTemplate":"https:\/\/massageblind.ch\/?s={search_term_string}"},"query-input":{"@type":"PropertyValueSpecification","valueRequired":true,"valueName":"search_term_string"}}],"inLanguage":"fr-FR"},{"@type":"Organization","@id":"https:\/\/massageblind.ch\/#organization","name":"MassageBlind","url":"https:\/\/massageblind.ch\/","logo":{"@type":"ImageObject","inLanguage":"fr-FR","@id":"https:\/\/massageblind.ch\/#\/schema\/logo\/image\/","url":"https:\/\/massageblind.ch\/wp-content\/uploads\/2019\/09\/Logo-MassageBlind-Farben.jpg","contentUrl":"https:\/\/massageblind.ch\/wp-content\/uploads\/2019\/09\/Logo-MassageBlind-Farben.jpg","width":1000,"height":750,"caption":"MassageBlind"},"image":{"@id":"https:\/\/massageblind.ch\/#\/schema\/logo\/image\/"}}]}},"_links":{"self":[{"href":"https:\/\/massageblind.ch\/fr\/wp-json\/wp\/v2\/pages\/884","targetHints":{"allow":["GET"]}}],"collection":[{"href":"https:\/\/massageblind.ch\/fr\/wp-json\/wp\/v2\/pages"}],"about":[{"href":"https:\/\/massageblind.ch\/fr\/wp-json\/wp\/v2\/types\/page"}],"author":[{"embeddable":true,"href":"https:\/\/massageblind.ch\/fr\/wp-json\/wp\/v2\/users\/1"}],"replies":[{"embeddable":true,"href":"https:\/\/massageblind.ch\/fr\/wp-json\/wp\/v2\/comments?post=884"}],"version-history":[{"count":3,"href":"https:\/\/massageblind.ch\/fr\/wp-json\/wp\/v2\/pages\/884\/revisions"}],"predecessor-version":[{"id":1706,"href":"https:\/\/massageblind.ch\/fr\/wp-json\/wp\/v2\/pages\/884\/revisions\/1706"}],"wp:attachment":[{"href":"https:\/\/massageblind.ch\/fr\/wp-json\/wp\/v2\/media?parent=884"}],"curies":[{"name":"wp","href":"https:\/\/api.w.org\/{rel}","templated":true}]}}

<strong>Georg Moser</strong><br />
<strong>Président MassageBlind</strong>
Badrain 7<br />
6210 Sursee / LU
Tél. 041 921 3838<br />
Mobile 079 371 7766
<a href="mailto:info@medmass-moser.ch">info@medmass-moser.ch<br />
</a><a href="http://www.medmass-moser.ch/">www.medmass-moser.ch</a>
Si vous souhaitez nous soutenir, nous serions très heureux :<br />
Luzerner Kantonalbank, 6003 Luzern<br />
<strong>IBAN: CH88 0077 8209 7948 0200 1</strong>


<div class="gsp_post_data" 
	            data-post_type="page" 
	            data-cat="" 
	            data-modified="120"
	            data-created="1580567525"
	            data-title="Contact" 
	            data-home="https://massageblind.ch/fr/"></div>

<div class="entry-summary">
<div class="entry-summary">
Georg Moser Président MassageBlind Badrain 7 6210 Sursee / LU Tél. 041 921 3838 Mobile 079 371 7766 info@medmass-moser.ch www.medmass-moser.ch Si vous souhaitez nous soutenir, nous serions très heureux : Luzerner Kantonalbank, 6003 Luzern IBAN: CH88 0077 8209 7948 0200&hellip;
</div>
<div class="link-more"><a href="https://massageblind.ch/fr/contact/" class="more-link">Continue reading<span class="screen-reader-text"> &ldquo;Contact&rdquo;</span>&hellip;</a></div>
</div>
<div class="link-more"><a href="https://massageblind.ch/fr/contact/" class="more-link">Continue reading<span class="screen-reader-text"> &ldquo;Contact&rdquo;</span>&hellip;</a></div>

<!-- This site is optimized with the Yoast SEO plugin v27.5 - https://yoast.com/product/yoast-seo-wordpress/ -->
<title>Contact - MassageBlind</title>
<meta name="description" content="Contactez MassageBlind - Surenweidstrasse 1 à Oberkirch LU, représenté par notre président Georg Moser. Nous avons hâte de vous voir!" />
<meta name="robots" content="index, follow, max-snippet:-1, max-image-preview:large, max-video-preview:-1" />
<link rel="canonical" href="https://massageblind.ch/fr/contact/" />
<meta property="og:locale" content="fr_FR" />
<meta property="og:type" content="article" />
<meta property="og:title" content="Contact - MassageBlind" />
<meta property="og:description" content="Contactez MassageBlind - Surenweidstrasse 1 à Oberkirch LU, représenté par notre président Georg Moser. Nous avons hâte de vous voir!" />
<meta property="og:url" content="https://massageblind.ch/fr/contact/" />
<meta property="og:site_name" content="MassageBlind" />
<meta property="article:modified_time" content="2026-04-30T09:27:56+00:00" />
<meta name="twitter:card" content="summary_large_image" />
<meta name="twitter:label1" content="Durée de lecture estimée" />
	<meta name="twitter:data1" content="1 minute" />
<script type="application/ld+json" class="yoast-schema-graph">{"@context":"https:\/\/schema.org","@graph":[{"@type":"WebPage","@id":"https:\/\/massageblind.ch\/fr\/contact\/","url":"https:\/\/massageblind.ch\/fr\/contact\/","name":"Contact - MassageBlind","isPartOf":{"@id":"https:\/\/massageblind.ch\/#website"},"datePublished":"2020-02-01T13:32:05+00:00","dateModified":"2026-04-30T09:27:56+00:00","description":"Contactez MassageBlind - Surenweidstrasse 1 à Oberkirch LU, représenté par notre président Georg Moser. Nous avons hâte de vous voir!","breadcrumb":{"@id":"https:\/\/massageblind.ch\/fr\/contact\/#breadcrumb"},"inLanguage":"fr-FR","potentialAction":[{"@type":"ReadAction","target":["https:\/\/massageblind.ch\/fr\/contact\/"]}]},{"@type":"BreadcrumbList","@id":"https:\/\/massageblind.ch\/fr\/contact\/#breadcrumb","itemListElement":[{"@type":"ListItem","position":1,"name":"Startseite","item":"https:\/\/massageblind.ch\/fr\/"},{"@type":"ListItem","position":2,"name":"Contact"}]},{"@type":"WebSite","@id":"https:\/\/massageblind.ch\/#website","url":"https:\/\/massageblind.ch\/","name":"MassageBlind","description":"Schweizerischer Verband der sehbehinderten und blinden Med. Masseure","publisher":{"@id":"https:\/\/massageblind.ch\/#organization"},"potentialAction":[{"@type":"SearchAction","target":{"@type":"EntryPoint","urlTemplate":"https:\/\/massageblind.ch\/?s={search_term_string}"},"query-input":{"@type":"PropertyValueSpecification","valueRequired":true,"valueName":"search_term_string"}}],"inLanguage":"fr-FR"},{"@type":"Organization","@id":"https:\/\/massageblind.ch\/#organization","name":"MassageBlind","url":"https:\/\/massageblind.ch\/","logo":{"@type":"ImageObject","inLanguage":"fr-FR","@id":"https:\/\/massageblind.ch\/#\/schema\/logo\/image\/","url":"https:\/\/massageblind.ch\/wp-content\/uploads\/2019\/09\/Logo-MassageBlind-Farben.jpg","contentUrl":"https:\/\/massageblind.ch\/wp-content\/uploads\/2019\/09\/Logo-MassageBlind-Farben.jpg","width":1000,"height":750,"caption":"MassageBlind"},"image":{"@id":"https:\/\/massageblind.ch\/#\/schema\/logo\/image\/"}}]}</script>
<!-- / Yoast SEO plugin. -->

Contactez MassageBlind - Surenweidstrasse 1 à Oberkirch LU, représenté par notre président Georg Moser. Nous avons hâte de vous voir!
