{"id":878,"date":"2020-02-01T14:31:44","date_gmt":"2020-02-01T13:31:44","guid":{"rendered":"https:\/\/massageblind.ch\/marche-du-travail\/"},"modified":"2024-05-06T09:47:14","modified_gmt":"2024-05-06T07:47:14","slug":"marche-du-travail","status":"publish","type":"page","link":"https:\/\/massageblind.ch\/fr\/marche-du-travail\/","title":{"rendered":"March\u00e9 du travail"},"content":{"rendered":"\n\n\t<p>&nbsp;<\/p>\n<p>&nbsp;<\/p>\n<p>Vous recherchez un nouveau poste ou en avez un \u00e0 proposer?<\/p>\n<p>Envoyez-nous votre texte d&rsquo;annonce par e-mail et indiquez-nous votre adresse compl\u00e8te et votre num\u00e9ro de t\u00e9l\u00e9phone. Votre annonce restera en ligne pendant 3 mois et pourra \u00eatre prolong\u00e9e gratuitement si n\u00e9cessaire.<\/p>\n<p>Cette offre est gratuite pour les membres. Les non-membres paient une cotisation de CHF 80.00. Votre annonce sera publi\u00e9e sur le site imm\u00e9diatement apr\u00e8s r\u00e9ception du paiement. Vous recevrez la facture au pr\u00e9alable par courrier et, pour le paiement en ligne, \u00e9galement par email.<\/p>\n<p>&nbsp;<\/p>\n\n<div class=\"gsp_post_data\" \r\n\t            data-post_type=\"page\" \r\n\t            data-cat=\"\" \r\n\t            data-modified=\"120\"\r\n\t            data-created=\"1580567504\"\r\n\t            data-title=\"March\u00e9 du travail\" \r\n\t            data-home=\"https:\/\/massageblind.ch\/fr\/\"><\/div>","protected":false},"excerpt":{"rendered":"<div class=\"entry-summary\">\n<div class=\"entry-summary\">\n&nbsp; &nbsp; Vous recherchez un nouveau poste ou en avez un \u00e0 proposer? Envoyez-nous votre texte d&rsquo;annonce par e-mail et indiquez-nous votre adresse compl\u00e8te et votre num\u00e9ro de t\u00e9l\u00e9phone. Votre annonce restera en ligne pendant 3 mois et pourra \u00eatre&hellip;\n<\/div>\n<div class=\"link-more\"><a href=\"https:\/\/massageblind.ch\/fr\/marche-du-travail\/\" class=\"more-link\">Continue reading<span class=\"screen-reader-text\"> &ldquo;March\u00e9 du travail&rdquo;<\/span>&hellip;<\/a><\/div>\n<\/div>\n<div class=\"link-more\"><a href=\"https:\/\/massageblind.ch\/fr\/marche-du-travail\/\" class=\"more-link\">Continue reading<span class=\"screen-reader-text\"> &ldquo;March\u00e9 du travail&rdquo;<\/span>&hellip;<\/a><\/div>\n","protected":false},"author":1,"featured_media":0,"parent":0,"menu_order":12,"comment_status":"closed","ping_status":"closed","template":"","meta":{"_monsterinsights_skip_tracking":false,"_monsterinsights_sitenote_active":false,"_monsterinsights_sitenote_note":"","_monsterinsights_sitenote_category":0,"footnotes":""},"class_list":["post-878","page","type-page","status-publish","hentry","entry"],"yoast_head":"<!-- This site is optimized with the Yoast SEO plugin v27.5 - https:\/\/yoast.com\/product\/yoast-seo-wordpress\/ -->\n<title>March\u00e9 du travail - MassageBlind<\/title>\n<meta name=\"description\" content=\"Vous recherchez un nouveau poste ou en avez un \u00e0 proposer ? La bourse d&#039;emploi de MassageBlind vous offre la plateforme id\u00e9ale pour cela !\" \/>\n<meta name=\"robots\" content=\"index, follow, max-snippet:-1, max-image-preview:large, max-video-preview:-1\" \/>\n<link rel=\"canonical\" href=\"https:\/\/massageblind.ch\/fr\/marche-du-travail\/\" \/>\n<meta property=\"og:locale\" content=\"fr_FR\" \/>\n<meta property=\"og:type\" content=\"article\" \/>\n<meta property=\"og:title\" content=\"March\u00e9 du travail - MassageBlind\" \/>\n<meta property=\"og:description\" content=\"Vous recherchez un nouveau poste ou en avez un \u00e0 proposer ? La bourse d&#039;emploi de MassageBlind vous offre la plateforme id\u00e9ale pour cela !\" \/>\n<meta property=\"og:url\" content=\"https:\/\/massageblind.ch\/fr\/marche-du-travail\/\" \/>\n<meta property=\"og:site_name\" content=\"MassageBlind\" \/>\n<meta property=\"article:modified_time\" content=\"2024-05-06T07:47:14+00:00\" \/>\n<meta name=\"twitter:card\" content=\"summary_large_image\" \/>\n<meta name=\"twitter:label1\" content=\"Dur\u00e9e de lecture estim\u00e9e\" \/>\n\t<meta name=\"twitter:data1\" content=\"1 minute\" \/>\n<script type=\"application\/ld+json\" class=\"yoast-schema-graph\">{\"@context\":\"https:\\\/\\\/schema.org\",\"@graph\":[{\"@type\":\"WebPage\",\"@id\":\"https:\\\/\\\/massageblind.ch\\\/fr\\\/marche-du-travail\\\/\",\"url\":\"https:\\\/\\\/massageblind.ch\\\/fr\\\/marche-du-travail\\\/\",\"name\":\"March\u00e9 du travail - MassageBlind\",\"isPartOf\":{\"@id\":\"https:\\\/\\\/massageblind.ch\\\/#website\"},\"datePublished\":\"2020-02-01T13:31:44+00:00\",\"dateModified\":\"2024-05-06T07:47:14+00:00\",\"description\":\"Vous recherchez un nouveau poste ou en avez un \u00e0 proposer ? La bourse d'emploi de MassageBlind vous offre la plateforme id\u00e9ale pour cela !\",\"breadcrumb\":{\"@id\":\"https:\\\/\\\/massageblind.ch\\\/fr\\\/marche-du-travail\\\/#breadcrumb\"},\"inLanguage\":\"fr-FR\",\"potentialAction\":[{\"@type\":\"ReadAction\",\"target\":[\"https:\\\/\\\/massageblind.ch\\\/fr\\\/marche-du-travail\\\/\"]}]},{\"@type\":\"BreadcrumbList\",\"@id\":\"https:\\\/\\\/massageblind.ch\\\/fr\\\/marche-du-travail\\\/#breadcrumb\",\"itemListElement\":[{\"@type\":\"ListItem\",\"position\":1,\"name\":\"Startseite\",\"item\":\"https:\\\/\\\/massageblind.ch\\\/fr\\\/\"},{\"@type\":\"ListItem\",\"position\":2,\"name\":\"March\u00e9 du travail\"}]},{\"@type\":\"WebSite\",\"@id\":\"https:\\\/\\\/massageblind.ch\\\/#website\",\"url\":\"https:\\\/\\\/massageblind.ch\\\/\",\"name\":\"MassageBlind\",\"description\":\"Schweizerischer Verband der sehbehinderten und blinden Med. Masseure\",\"publisher\":{\"@id\":\"https:\\\/\\\/massageblind.ch\\\/#organization\"},\"potentialAction\":[{\"@type\":\"SearchAction\",\"target\":{\"@type\":\"EntryPoint\",\"urlTemplate\":\"https:\\\/\\\/massageblind.ch\\\/?s={search_term_string}\"},\"query-input\":{\"@type\":\"PropertyValueSpecification\",\"valueRequired\":true,\"valueName\":\"search_term_string\"}}],\"inLanguage\":\"fr-FR\"},{\"@type\":\"Organization\",\"@id\":\"https:\\\/\\\/massageblind.ch\\\/#organization\",\"name\":\"MassageBlind\",\"url\":\"https:\\\/\\\/massageblind.ch\\\/\",\"logo\":{\"@type\":\"ImageObject\",\"inLanguage\":\"fr-FR\",\"@id\":\"https:\\\/\\\/massageblind.ch\\\/#\\\/schema\\\/logo\\\/image\\\/\",\"url\":\"https:\\\/\\\/massageblind.ch\\\/wp-content\\\/uploads\\\/2019\\\/09\\\/Logo-MassageBlind-Farben.jpg\",\"contentUrl\":\"https:\\\/\\\/massageblind.ch\\\/wp-content\\\/uploads\\\/2019\\\/09\\\/Logo-MassageBlind-Farben.jpg\",\"width\":1000,\"height\":750,\"caption\":\"MassageBlind\"},\"image\":{\"@id\":\"https:\\\/\\\/massageblind.ch\\\/#\\\/schema\\\/logo\\\/image\\\/\"}}]}<\/script>\n<!-- \/ Yoast SEO plugin. -->","yoast_head_json":{"title":"March\u00e9 du travail - MassageBlind","description":"Vous recherchez un nouveau poste ou en avez un \u00e0 proposer ? La bourse d'emploi de MassageBlind vous offre la plateforme id\u00e9ale pour cela !","robots":{"index":"index","follow":"follow","max-snippet":"max-snippet:-1","max-image-preview":"max-image-preview:large","max-video-preview":"max-video-preview:-1"},"canonical":"https:\/\/massageblind.ch\/fr\/marche-du-travail\/","og_locale":"fr_FR","og_type":"article","og_title":"March\u00e9 du travail - MassageBlind","og_description":"Vous recherchez un nouveau poste ou en avez un \u00e0 proposer ? La bourse d'emploi de MassageBlind vous offre la plateforme id\u00e9ale pour cela !","og_url":"https:\/\/massageblind.ch\/fr\/marche-du-travail\/","og_site_name":"MassageBlind","article_modified_time":"2024-05-06T07:47:14+00:00","twitter_card":"summary_large_image","twitter_misc":{"Dur\u00e9e de lecture estim\u00e9e":"1 minute"},"schema":{"@context":"https:\/\/schema.org","@graph":[{"@type":"WebPage","@id":"https:\/\/massageblind.ch\/fr\/marche-du-travail\/","url":"https:\/\/massageblind.ch\/fr\/marche-du-travail\/","name":"March\u00e9 du travail - MassageBlind","isPartOf":{"@id":"https:\/\/massageblind.ch\/#website"},"datePublished":"2020-02-01T13:31:44+00:00","dateModified":"2024-05-06T07:47:14+00:00","description":"Vous recherchez un nouveau poste ou en avez un \u00e0 proposer ? La bourse d'emploi de MassageBlind vous offre la plateforme id\u00e9ale pour cela !","breadcrumb":{"@id":"https:\/\/massageblind.ch\/fr\/marche-du-travail\/#breadcrumb"},"inLanguage":"fr-FR","potentialAction":[{"@type":"ReadAction","target":["https:\/\/massageblind.ch\/fr\/marche-du-travail\/"]}]},{"@type":"BreadcrumbList","@id":"https:\/\/massageblind.ch\/fr\/marche-du-travail\/#breadcrumb","itemListElement":[{"@type":"ListItem","position":1,"name":"Startseite","item":"https:\/\/massageblind.ch\/fr\/"},{"@type":"ListItem","position":2,"name":"March\u00e9 du travail"}]},{"@type":"WebSite","@id":"https:\/\/massageblind.ch\/#website","url":"https:\/\/massageblind.ch\/","name":"MassageBlind","description":"Schweizerischer Verband der sehbehinderten und blinden Med. Masseure","publisher":{"@id":"https:\/\/massageblind.ch\/#organization"},"potentialAction":[{"@type":"SearchAction","target":{"@type":"EntryPoint","urlTemplate":"https:\/\/massageblind.ch\/?s={search_term_string}"},"query-input":{"@type":"PropertyValueSpecification","valueRequired":true,"valueName":"search_term_string"}}],"inLanguage":"fr-FR"},{"@type":"Organization","@id":"https:\/\/massageblind.ch\/#organization","name":"MassageBlind","url":"https:\/\/massageblind.ch\/","logo":{"@type":"ImageObject","inLanguage":"fr-FR","@id":"https:\/\/massageblind.ch\/#\/schema\/logo\/image\/","url":"https:\/\/massageblind.ch\/wp-content\/uploads\/2019\/09\/Logo-MassageBlind-Farben.jpg","contentUrl":"https:\/\/massageblind.ch\/wp-content\/uploads\/2019\/09\/Logo-MassageBlind-Farben.jpg","width":1000,"height":750,"caption":"MassageBlind"},"image":{"@id":"https:\/\/massageblind.ch\/#\/schema\/logo\/image\/"}}]}},"_links":{"self":[{"href":"https:\/\/massageblind.ch\/fr\/wp-json\/wp\/v2\/pages\/878","targetHints":{"allow":["GET"]}}],"collection":[{"href":"https:\/\/massageblind.ch\/fr\/wp-json\/wp\/v2\/pages"}],"about":[{"href":"https:\/\/massageblind.ch\/fr\/wp-json\/wp\/v2\/types\/page"}],"author":[{"embeddable":true,"href":"https:\/\/massageblind.ch\/fr\/wp-json\/wp\/v2\/users\/1"}],"replies":[{"embeddable":true,"href":"https:\/\/massageblind.ch\/fr\/wp-json\/wp\/v2\/comments?post=878"}],"version-history":[{"count":4,"href":"https:\/\/massageblind.ch\/fr\/wp-json\/wp\/v2\/pages\/878\/revisions"}],"predecessor-version":[{"id":1024,"href":"https:\/\/massageblind.ch\/fr\/wp-json\/wp\/v2\/pages\/878\/revisions\/1024"}],"wp:attachment":[{"href":"https:\/\/massageblind.ch\/fr\/wp-json\/wp\/v2\/media?parent=878"}],"curies":[{"name":"wp","href":"https:\/\/api.w.org\/{rel}","templated":true}]}}

Marché du travail

<p>&nbsp;</p>
<p>&nbsp;</p>
<p>Vous recherchez un nouveau poste ou en avez un à proposer?</p>
<p>Envoyez-nous votre texte d&rsquo;annonce par e-mail et indiquez-nous votre adresse complète et votre numéro de téléphone. Votre annonce restera en ligne pendant 3 mois et pourra être prolongée gratuitement si nécessaire.</p>
<p>Cette offre est gratuite pour les membres. Les non-membres paient une cotisation de CHF 80.00. Votre annonce sera publiée sur le site immédiatement après réception du paiement. Vous recevrez la facture au préalable par courrier et, pour le paiement en ligne, également par email.</p>
<p>&nbsp;</p>

<div class="gsp_post_data" 
	            data-post_type="page" 
	            data-cat="" 
	            data-modified="120"
	            data-created="1580567504"
	            data-title="Marché du travail" 
	            data-home="https://massageblind.ch/fr/"></div>

<div class="entry-summary">
<div class="entry-summary">
&nbsp; &nbsp; Vous recherchez un nouveau poste ou en avez un à proposer? Envoyez-nous votre texte d&rsquo;annonce par e-mail et indiquez-nous votre adresse complète et votre numéro de téléphone. Votre annonce restera en ligne pendant 3 mois et pourra être&hellip;
</div>
<div class="link-more"><a href="https://massageblind.ch/fr/marche-du-travail/" class="more-link">Continue reading<span class="screen-reader-text"> &ldquo;Marché du travail&rdquo;</span>&hellip;</a></div>
</div>
<div class="link-more"><a href="https://massageblind.ch/fr/marche-du-travail/" class="more-link">Continue reading<span class="screen-reader-text"> &ldquo;Marché du travail&rdquo;</span>&hellip;</a></div>

<!-- This site is optimized with the Yoast SEO plugin v27.5 - https://yoast.com/product/yoast-seo-wordpress/ -->
<title>Marché du travail - MassageBlind</title>
<meta name="description" content="Vous recherchez un nouveau poste ou en avez un à proposer ? La bourse d&#039;emploi de MassageBlind vous offre la plateforme idéale pour cela !" />
<meta name="robots" content="index, follow, max-snippet:-1, max-image-preview:large, max-video-preview:-1" />
<link rel="canonical" href="https://massageblind.ch/fr/marche-du-travail/" />
<meta property="og:locale" content="fr_FR" />
<meta property="og:type" content="article" />
<meta property="og:title" content="Marché du travail - MassageBlind" />
<meta property="og:description" content="Vous recherchez un nouveau poste ou en avez un à proposer ? La bourse d&#039;emploi de MassageBlind vous offre la plateforme idéale pour cela !" />
<meta property="og:url" content="https://massageblind.ch/fr/marche-du-travail/" />
<meta property="og:site_name" content="MassageBlind" />
<meta property="article:modified_time" content="2024-05-06T07:47:14+00:00" />
<meta name="twitter:card" content="summary_large_image" />
<meta name="twitter:label1" content="Durée de lecture estimée" />
	<meta name="twitter:data1" content="1 minute" />
<script type="application/ld+json" class="yoast-schema-graph">{"@context":"https:\/\/schema.org","@graph":[{"@type":"WebPage","@id":"https:\/\/massageblind.ch\/fr\/marche-du-travail\/","url":"https:\/\/massageblind.ch\/fr\/marche-du-travail\/","name":"Marché du travail - MassageBlind","isPartOf":{"@id":"https:\/\/massageblind.ch\/#website"},"datePublished":"2020-02-01T13:31:44+00:00","dateModified":"2024-05-06T07:47:14+00:00","description":"Vous recherchez un nouveau poste ou en avez un à proposer ? La bourse d'emploi de MassageBlind vous offre la plateforme idéale pour cela !","breadcrumb":{"@id":"https:\/\/massageblind.ch\/fr\/marche-du-travail\/#breadcrumb"},"inLanguage":"fr-FR","potentialAction":[{"@type":"ReadAction","target":["https:\/\/massageblind.ch\/fr\/marche-du-travail\/"]}]},{"@type":"BreadcrumbList","@id":"https:\/\/massageblind.ch\/fr\/marche-du-travail\/#breadcrumb","itemListElement":[{"@type":"ListItem","position":1,"name":"Startseite","item":"https:\/\/massageblind.ch\/fr\/"},{"@type":"ListItem","position":2,"name":"Marché du travail"}]},{"@type":"WebSite","@id":"https:\/\/massageblind.ch\/#website","url":"https:\/\/massageblind.ch\/","name":"MassageBlind","description":"Schweizerischer Verband der sehbehinderten und blinden Med. Masseure","publisher":{"@id":"https:\/\/massageblind.ch\/#organization"},"potentialAction":[{"@type":"SearchAction","target":{"@type":"EntryPoint","urlTemplate":"https:\/\/massageblind.ch\/?s={search_term_string}"},"query-input":{"@type":"PropertyValueSpecification","valueRequired":true,"valueName":"search_term_string"}}],"inLanguage":"fr-FR"},{"@type":"Organization","@id":"https:\/\/massageblind.ch\/#organization","name":"MassageBlind","url":"https:\/\/massageblind.ch\/","logo":{"@type":"ImageObject","inLanguage":"fr-FR","@id":"https:\/\/massageblind.ch\/#\/schema\/logo\/image\/","url":"https:\/\/massageblind.ch\/wp-content\/uploads\/2019\/09\/Logo-MassageBlind-Farben.jpg","contentUrl":"https:\/\/massageblind.ch\/wp-content\/uploads\/2019\/09\/Logo-MassageBlind-Farben.jpg","width":1000,"height":750,"caption":"MassageBlind"},"image":{"@id":"https:\/\/massageblind.ch\/#\/schema\/logo\/image\/"}}]}</script>
<!-- / Yoast SEO plugin. -->

Marché du travail - MassageBlind

Vous recherchez un nouveau poste ou en avez un à proposer ? La bourse d'emploi de MassageBlind vous offre la plateforme idéale pour cela !
