{"id":875,"date":"2020-02-01T14:31:35","date_gmt":"2020-02-01T13:31:35","guid":{"rendered":"https:\/\/massageblind.ch\/marche\/"},"modified":"2024-05-06T09:46:05","modified_gmt":"2024-05-06T07:46:05","slug":"marche","status":"publish","type":"page","link":"https:\/\/massageblind.ch\/fr\/marche\/","title":{"rendered":"March\u00e9"},"content":{"rendered":"\n\n\t<p>&nbsp;<\/p>\n<p>Louez-vous un espace de pratique? Vous cherchez une chaise longue?<\/p>\n<p>Vous souhaitez remplacer votre ancienne chaise longue par une nouvelle et donc vendre l&rsquo;ancienne? Quoi que vous ayez \u00e0 offrir ou \u00e0 rechercher: vous \u00eates au bon endroit avec une publicit\u00e9!<\/p>\nCette offre est gratuite pour les membres. Les non-membres paient une cotisation de CHF 80.00.<br \/>\nVotre annonce reste en ligne pendant trois mois; une prolongation est possible gratuitement.\n\n\n<div class=\"gsp_post_data\" \r\n\t            data-post_type=\"page\" \r\n\t            data-cat=\"\" \r\n\t            data-modified=\"120\"\r\n\t            data-created=\"1580567495\"\r\n\t            data-title=\"March\u00e9\" \r\n\t            data-home=\"https:\/\/massageblind.ch\/fr\/\"><\/div>","protected":false},"excerpt":{"rendered":"<div class=\"entry-summary\">\n<div class=\"entry-summary\">\n&nbsp; Louez-vous un espace de pratique? Vous cherchez une chaise longue? Vous souhaitez remplacer votre ancienne chaise longue par une nouvelle et donc vendre l&rsquo;ancienne? Quoi que vous ayez \u00e0 offrir ou \u00e0 rechercher: vous \u00eates au bon endroit avec&hellip;\n<\/div>\n<div class=\"link-more\"><a href=\"https:\/\/massageblind.ch\/fr\/marche\/\" class=\"more-link\">Continue reading<span class=\"screen-reader-text\"> &ldquo;March\u00e9&rdquo;<\/span>&hellip;<\/a><\/div>\n<\/div>\n<div class=\"link-more\"><a href=\"https:\/\/massageblind.ch\/fr\/marche\/\" class=\"more-link\">Continue reading<span class=\"screen-reader-text\"> &ldquo;March\u00e9&rdquo;<\/span>&hellip;<\/a><\/div>\n","protected":false},"author":1,"featured_media":0,"parent":0,"menu_order":11,"comment_status":"closed","ping_status":"closed","template":"","meta":{"_monsterinsights_skip_tracking":false,"_monsterinsights_sitenote_active":false,"_monsterinsights_sitenote_note":"","_monsterinsights_sitenote_category":0,"footnotes":""},"class_list":["post-875","page","type-page","status-publish","hentry","entry"],"yoast_head":"<!-- This site is optimized with the Yoast SEO plugin v27.5 - https:\/\/yoast.com\/product\/yoast-seo-wordpress\/ -->\n<title>March\u00e9 - MassageBlind<\/title>\n<meta name=\"description\" content=\"Quoi que vous ayez \u00e0 offrir ou que vous recherchiez : vous \u00eates au bon endroit avec une annonce sur le march\u00e9 MassageBlind! Nous sommes impatients de vous aider.\" \/>\n<meta name=\"robots\" content=\"index, follow, max-snippet:-1, max-image-preview:large, max-video-preview:-1\" \/>\n<link rel=\"canonical\" href=\"https:\/\/massageblind.ch\/fr\/marche\/\" \/>\n<meta property=\"og:locale\" content=\"fr_FR\" \/>\n<meta property=\"og:type\" content=\"article\" \/>\n<meta property=\"og:title\" content=\"March\u00e9 - MassageBlind\" \/>\n<meta property=\"og:description\" content=\"Quoi que vous ayez \u00e0 offrir ou que vous recherchiez : vous \u00eates au bon endroit avec une annonce sur le march\u00e9 MassageBlind! Nous sommes impatients de vous aider.\" \/>\n<meta property=\"og:url\" content=\"https:\/\/massageblind.ch\/fr\/marche\/\" \/>\n<meta property=\"og:site_name\" content=\"MassageBlind\" \/>\n<meta property=\"article:modified_time\" content=\"2024-05-06T07:46:05+00:00\" \/>\n<meta name=\"twitter:card\" content=\"summary_large_image\" \/>\n<meta name=\"twitter:label1\" content=\"Dur\u00e9e de lecture estim\u00e9e\" \/>\n\t<meta name=\"twitter:data1\" content=\"1 minute\" \/>\n<script type=\"application\/ld+json\" class=\"yoast-schema-graph\">{\"@context\":\"https:\\\/\\\/schema.org\",\"@graph\":[{\"@type\":\"WebPage\",\"@id\":\"https:\\\/\\\/massageblind.ch\\\/fr\\\/marche\\\/\",\"url\":\"https:\\\/\\\/massageblind.ch\\\/fr\\\/marche\\\/\",\"name\":\"March\u00e9 - MassageBlind\",\"isPartOf\":{\"@id\":\"https:\\\/\\\/massageblind.ch\\\/#website\"},\"datePublished\":\"2020-02-01T13:31:35+00:00\",\"dateModified\":\"2024-05-06T07:46:05+00:00\",\"description\":\"Quoi que vous ayez \u00e0 offrir ou que vous recherchiez : vous \u00eates au bon endroit avec une annonce sur le march\u00e9 MassageBlind! Nous sommes impatients de vous aider.\",\"breadcrumb\":{\"@id\":\"https:\\\/\\\/massageblind.ch\\\/fr\\\/marche\\\/#breadcrumb\"},\"inLanguage\":\"fr-FR\",\"potentialAction\":[{\"@type\":\"ReadAction\",\"target\":[\"https:\\\/\\\/massageblind.ch\\\/fr\\\/marche\\\/\"]}]},{\"@type\":\"BreadcrumbList\",\"@id\":\"https:\\\/\\\/massageblind.ch\\\/fr\\\/marche\\\/#breadcrumb\",\"itemListElement\":[{\"@type\":\"ListItem\",\"position\":1,\"name\":\"Startseite\",\"item\":\"https:\\\/\\\/massageblind.ch\\\/fr\\\/\"},{\"@type\":\"ListItem\",\"position\":2,\"name\":\"March\u00e9\"}]},{\"@type\":\"WebSite\",\"@id\":\"https:\\\/\\\/massageblind.ch\\\/#website\",\"url\":\"https:\\\/\\\/massageblind.ch\\\/\",\"name\":\"MassageBlind\",\"description\":\"Schweizerischer Verband der sehbehinderten und blinden Med. Masseure\",\"publisher\":{\"@id\":\"https:\\\/\\\/massageblind.ch\\\/#organization\"},\"potentialAction\":[{\"@type\":\"SearchAction\",\"target\":{\"@type\":\"EntryPoint\",\"urlTemplate\":\"https:\\\/\\\/massageblind.ch\\\/?s={search_term_string}\"},\"query-input\":{\"@type\":\"PropertyValueSpecification\",\"valueRequired\":true,\"valueName\":\"search_term_string\"}}],\"inLanguage\":\"fr-FR\"},{\"@type\":\"Organization\",\"@id\":\"https:\\\/\\\/massageblind.ch\\\/#organization\",\"name\":\"MassageBlind\",\"url\":\"https:\\\/\\\/massageblind.ch\\\/\",\"logo\":{\"@type\":\"ImageObject\",\"inLanguage\":\"fr-FR\",\"@id\":\"https:\\\/\\\/massageblind.ch\\\/#\\\/schema\\\/logo\\\/image\\\/\",\"url\":\"https:\\\/\\\/massageblind.ch\\\/wp-content\\\/uploads\\\/2019\\\/09\\\/Logo-MassageBlind-Farben.jpg\",\"contentUrl\":\"https:\\\/\\\/massageblind.ch\\\/wp-content\\\/uploads\\\/2019\\\/09\\\/Logo-MassageBlind-Farben.jpg\",\"width\":1000,\"height\":750,\"caption\":\"MassageBlind\"},\"image\":{\"@id\":\"https:\\\/\\\/massageblind.ch\\\/#\\\/schema\\\/logo\\\/image\\\/\"}}]}<\/script>\n<!-- \/ Yoast SEO plugin. -->","yoast_head_json":{"title":"March\u00e9 - MassageBlind","description":"Quoi que vous ayez \u00e0 offrir ou que vous recherchiez : vous \u00eates au bon endroit avec une annonce sur le march\u00e9 MassageBlind! Nous sommes impatients de vous aider.","robots":{"index":"index","follow":"follow","max-snippet":"max-snippet:-1","max-image-preview":"max-image-preview:large","max-video-preview":"max-video-preview:-1"},"canonical":"https:\/\/massageblind.ch\/fr\/marche\/","og_locale":"fr_FR","og_type":"article","og_title":"March\u00e9 - MassageBlind","og_description":"Quoi que vous ayez \u00e0 offrir ou que vous recherchiez : vous \u00eates au bon endroit avec une annonce sur le march\u00e9 MassageBlind! Nous sommes impatients de vous aider.","og_url":"https:\/\/massageblind.ch\/fr\/marche\/","og_site_name":"MassageBlind","article_modified_time":"2024-05-06T07:46:05+00:00","twitter_card":"summary_large_image","twitter_misc":{"Dur\u00e9e de lecture estim\u00e9e":"1 minute"},"schema":{"@context":"https:\/\/schema.org","@graph":[{"@type":"WebPage","@id":"https:\/\/massageblind.ch\/fr\/marche\/","url":"https:\/\/massageblind.ch\/fr\/marche\/","name":"March\u00e9 - MassageBlind","isPartOf":{"@id":"https:\/\/massageblind.ch\/#website"},"datePublished":"2020-02-01T13:31:35+00:00","dateModified":"2024-05-06T07:46:05+00:00","description":"Quoi que vous ayez \u00e0 offrir ou que vous recherchiez : vous \u00eates au bon endroit avec une annonce sur le march\u00e9 MassageBlind! Nous sommes impatients de vous aider.","breadcrumb":{"@id":"https:\/\/massageblind.ch\/fr\/marche\/#breadcrumb"},"inLanguage":"fr-FR","potentialAction":[{"@type":"ReadAction","target":["https:\/\/massageblind.ch\/fr\/marche\/"]}]},{"@type":"BreadcrumbList","@id":"https:\/\/massageblind.ch\/fr\/marche\/#breadcrumb","itemListElement":[{"@type":"ListItem","position":1,"name":"Startseite","item":"https:\/\/massageblind.ch\/fr\/"},{"@type":"ListItem","position":2,"name":"March\u00e9"}]},{"@type":"WebSite","@id":"https:\/\/massageblind.ch\/#website","url":"https:\/\/massageblind.ch\/","name":"MassageBlind","description":"Schweizerischer Verband der sehbehinderten und blinden Med. Masseure","publisher":{"@id":"https:\/\/massageblind.ch\/#organization"},"potentialAction":[{"@type":"SearchAction","target":{"@type":"EntryPoint","urlTemplate":"https:\/\/massageblind.ch\/?s={search_term_string}"},"query-input":{"@type":"PropertyValueSpecification","valueRequired":true,"valueName":"search_term_string"}}],"inLanguage":"fr-FR"},{"@type":"Organization","@id":"https:\/\/massageblind.ch\/#organization","name":"MassageBlind","url":"https:\/\/massageblind.ch\/","logo":{"@type":"ImageObject","inLanguage":"fr-FR","@id":"https:\/\/massageblind.ch\/#\/schema\/logo\/image\/","url":"https:\/\/massageblind.ch\/wp-content\/uploads\/2019\/09\/Logo-MassageBlind-Farben.jpg","contentUrl":"https:\/\/massageblind.ch\/wp-content\/uploads\/2019\/09\/Logo-MassageBlind-Farben.jpg","width":1000,"height":750,"caption":"MassageBlind"},"image":{"@id":"https:\/\/massageblind.ch\/#\/schema\/logo\/image\/"}}]}},"_links":{"self":[{"href":"https:\/\/massageblind.ch\/fr\/wp-json\/wp\/v2\/pages\/875","targetHints":{"allow":["GET"]}}],"collection":[{"href":"https:\/\/massageblind.ch\/fr\/wp-json\/wp\/v2\/pages"}],"about":[{"href":"https:\/\/massageblind.ch\/fr\/wp-json\/wp\/v2\/types\/page"}],"author":[{"embeddable":true,"href":"https:\/\/massageblind.ch\/fr\/wp-json\/wp\/v2\/users\/1"}],"replies":[{"embeddable":true,"href":"https:\/\/massageblind.ch\/fr\/wp-json\/wp\/v2\/comments?post=875"}],"version-history":[{"count":4,"href":"https:\/\/massageblind.ch\/fr\/wp-json\/wp\/v2\/pages\/875\/revisions"}],"predecessor-version":[{"id":1022,"href":"https:\/\/massageblind.ch\/fr\/wp-json\/wp\/v2\/pages\/875\/revisions\/1022"}],"wp:attachment":[{"href":"https:\/\/massageblind.ch\/fr\/wp-json\/wp\/v2\/media?parent=875"}],"curies":[{"name":"wp","href":"https:\/\/api.w.org\/{rel}","templated":true}]}}

Marché

<p>&nbsp;</p>
<p>Louez-vous un espace de pratique? Vous cherchez une chaise longue?</p>
<p>Vous souhaitez remplacer votre ancienne chaise longue par une nouvelle et donc vendre l&rsquo;ancienne? Quoi que vous ayez à offrir ou à rechercher: vous êtes au bon endroit avec une publicité!</p>
Cette offre est gratuite pour les membres. Les non-membres paient une cotisation de CHF 80.00.<br />
Votre annonce reste en ligne pendant trois mois; une prolongation est possible gratuitement.


<div class="gsp_post_data" 
	            data-post_type="page" 
	            data-cat="" 
	            data-modified="120"
	            data-created="1580567495"
	            data-title="Marché" 
	            data-home="https://massageblind.ch/fr/"></div>

<div class="entry-summary">
<div class="entry-summary">
&nbsp; Louez-vous un espace de pratique? Vous cherchez une chaise longue? Vous souhaitez remplacer votre ancienne chaise longue par une nouvelle et donc vendre l&rsquo;ancienne? Quoi que vous ayez à offrir ou à rechercher: vous êtes au bon endroit avec&hellip;
</div>
<div class="link-more"><a href="https://massageblind.ch/fr/marche/" class="more-link">Continue reading<span class="screen-reader-text"> &ldquo;Marché&rdquo;</span>&hellip;</a></div>
</div>
<div class="link-more"><a href="https://massageblind.ch/fr/marche/" class="more-link">Continue reading<span class="screen-reader-text"> &ldquo;Marché&rdquo;</span>&hellip;</a></div>

<!-- This site is optimized with the Yoast SEO plugin v27.5 - https://yoast.com/product/yoast-seo-wordpress/ -->
<title>Marché - MassageBlind</title>
<meta name="description" content="Quoi que vous ayez à offrir ou que vous recherchiez : vous êtes au bon endroit avec une annonce sur le marché MassageBlind! Nous sommes impatients de vous aider." />
<meta name="robots" content="index, follow, max-snippet:-1, max-image-preview:large, max-video-preview:-1" />
<link rel="canonical" href="https://massageblind.ch/fr/marche/" />
<meta property="og:locale" content="fr_FR" />
<meta property="og:type" content="article" />
<meta property="og:title" content="Marché - MassageBlind" />
<meta property="og:description" content="Quoi que vous ayez à offrir ou que vous recherchiez : vous êtes au bon endroit avec une annonce sur le marché MassageBlind! Nous sommes impatients de vous aider." />
<meta property="og:url" content="https://massageblind.ch/fr/marche/" />
<meta property="og:site_name" content="MassageBlind" />
<meta property="article:modified_time" content="2024-05-06T07:46:05+00:00" />
<meta name="twitter:card" content="summary_large_image" />
<meta name="twitter:label1" content="Durée de lecture estimée" />
	<meta name="twitter:data1" content="1 minute" />
<script type="application/ld+json" class="yoast-schema-graph">{"@context":"https:\/\/schema.org","@graph":[{"@type":"WebPage","@id":"https:\/\/massageblind.ch\/fr\/marche\/","url":"https:\/\/massageblind.ch\/fr\/marche\/","name":"Marché - MassageBlind","isPartOf":{"@id":"https:\/\/massageblind.ch\/#website"},"datePublished":"2020-02-01T13:31:35+00:00","dateModified":"2024-05-06T07:46:05+00:00","description":"Quoi que vous ayez à offrir ou que vous recherchiez : vous êtes au bon endroit avec une annonce sur le marché MassageBlind! Nous sommes impatients de vous aider.","breadcrumb":{"@id":"https:\/\/massageblind.ch\/fr\/marche\/#breadcrumb"},"inLanguage":"fr-FR","potentialAction":[{"@type":"ReadAction","target":["https:\/\/massageblind.ch\/fr\/marche\/"]}]},{"@type":"BreadcrumbList","@id":"https:\/\/massageblind.ch\/fr\/marche\/#breadcrumb","itemListElement":[{"@type":"ListItem","position":1,"name":"Startseite","item":"https:\/\/massageblind.ch\/fr\/"},{"@type":"ListItem","position":2,"name":"Marché"}]},{"@type":"WebSite","@id":"https:\/\/massageblind.ch\/#website","url":"https:\/\/massageblind.ch\/","name":"MassageBlind","description":"Schweizerischer Verband der sehbehinderten und blinden Med. Masseure","publisher":{"@id":"https:\/\/massageblind.ch\/#organization"},"potentialAction":[{"@type":"SearchAction","target":{"@type":"EntryPoint","urlTemplate":"https:\/\/massageblind.ch\/?s={search_term_string}"},"query-input":{"@type":"PropertyValueSpecification","valueRequired":true,"valueName":"search_term_string"}}],"inLanguage":"fr-FR"},{"@type":"Organization","@id":"https:\/\/massageblind.ch\/#organization","name":"MassageBlind","url":"https:\/\/massageblind.ch\/","logo":{"@type":"ImageObject","inLanguage":"fr-FR","@id":"https:\/\/massageblind.ch\/#\/schema\/logo\/image\/","url":"https:\/\/massageblind.ch\/wp-content\/uploads\/2019\/09\/Logo-MassageBlind-Farben.jpg","contentUrl":"https:\/\/massageblind.ch\/wp-content\/uploads\/2019\/09\/Logo-MassageBlind-Farben.jpg","width":1000,"height":750,"caption":"MassageBlind"},"image":{"@id":"https:\/\/massageblind.ch\/#\/schema\/logo\/image\/"}}]}</script>
<!-- / Yoast SEO plugin. -->

Marché - MassageBlind

Quoi que vous ayez à offrir ou que vous recherchiez : vous êtes au bon endroit avec une annonce sur le marché MassageBlind! Nous sommes impatients de vous aider.
