{"id":809,"date":"2019-04-24T09:44:07","date_gmt":"2019-04-24T07:44:07","guid":{"rendered":"https:\/\/massageblind.ch\/home\/"},"modified":"2026-04-30T11:27:13","modified_gmt":"2026-04-30T09:27:13","slug":"home","status":"publish","type":"page","link":"https:\/\/massageblind.ch\/fr\/","title":{"rendered":"Home"},"content":{"rendered":"\n\n\t<p>&nbsp;<\/p>\n<h1>Association Suisse des Massoth\u00e9rapeutes M\u00e9dicaux Malvoyants et Aveugles<\/h1>\n<p>L&rsquo;association MassageBlind a \u00e9t\u00e9 fond\u00e9e le 19 janvier 2019 lors de la r\u00e9union de fondation \u00e0 Olten \u00e0 l&rsquo;h\u00f4tel d&rsquo;Olten.<\/p>\n<p>Il d\u00e9fend principalement les masseurs m\u00e9dicaux malvoyants et aveugles titulaires d&rsquo;une certification f\u00e9d\u00e9rale ou pour les masseurs m\u00e9dicaux titulaires d&rsquo;une qualification SRK. D&rsquo;autres masseurs labellis\u00e9s EMR ont \u00e9galement la possibilit\u00e9 d&rsquo;\u00eatre repr\u00e9sent\u00e9s au sein de l&rsquo;association.<\/p>\n<p>MassageBlind s&rsquo;engage \u00e0 compenser les d\u00e9savantages de ses professionnels, travaille avec des centres de formation, des organismes publics comme l&rsquo;EMR ou l&rsquo;OdA MM, l&rsquo;organisation fa\u00eeti\u00e8re des masseurs m\u00e9dicaux EFA, et avec d&rsquo;autres associations professionnelles ainsi que la SBV.<\/p>\n<p>Le si\u00e8ge de l&rsquo;association se trouve dans le canton de Lucerne.<\/p>\n<strong>Georg Moser<\/strong><br \/>\n<strong>Pr\u00e9sident MassageBlind<\/strong><br \/>\nBadrain 7<br \/>\n6210 Sursee \/ LU\n<p>T\u00e9l. 041 921 3838<\/p>\n<p>Mobile 079 371 7766<\/p>\n<a href=\"mailto:info@medmass-moser.ch\">info@medmass-moser.ch<br \/>\n<\/a><a href=\"http:\/\/www.medmass-moser.ch\/\">www.medmass-moser.ch<\/a>\n\n<div class=\"gsp_post_data\" \r\n\t            data-post_type=\"page\" \r\n\t            data-cat=\"\" \r\n\t            data-modified=\"112\"\r\n\t            data-created=\"1556099047\"\r\n\t            data-title=\"Home\" \r\n\t            data-home=\"https:\/\/massageblind.ch\/fr\/\"><\/div>","protected":false},"excerpt":{"rendered":"<div class=\"entry-summary\">\n<div class=\"entry-summary\">\n&nbsp; Association Suisse des Massoth\u00e9rapeutes M\u00e9dicaux Malvoyants et Aveugles L&rsquo;association MassageBlind a \u00e9t\u00e9 fond\u00e9e le 19 janvier 2019 lors de la r\u00e9union de fondation \u00e0 Olten \u00e0 l&rsquo;h\u00f4tel d&rsquo;Olten. Il d\u00e9fend principalement les masseurs m\u00e9dicaux malvoyants et aveugles titulaires d&rsquo;une&hellip;\n<\/div>\n<div class=\"link-more\"><a href=\"https:\/\/massageblind.ch\/fr\/\" class=\"more-link\">Continue reading<span class=\"screen-reader-text\"> &ldquo;Home&rdquo;<\/span>&hellip;<\/a><\/div>\n<\/div>\n<div class=\"link-more\"><a href=\"https:\/\/massageblind.ch\/fr\/\" class=\"more-link\">Continue reading<span class=\"screen-reader-text\"> &ldquo;Home&rdquo;<\/span>&hellip;<\/a><\/div>\n","protected":false},"author":1,"featured_media":0,"parent":0,"menu_order":1,"comment_status":"closed","ping_status":"closed","template":"","meta":{"_monsterinsights_skip_tracking":false,"_monsterinsights_sitenote_active":false,"_monsterinsights_sitenote_note":"","_monsterinsights_sitenote_category":0,"footnotes":""},"class_list":["post-809","page","type-page","status-publish","hentry","entry"],"yoast_head":"<!-- This site is optimized with the Yoast SEO plugin v27.5 - https:\/\/yoast.com\/product\/yoast-seo-wordpress\/ -->\n<title>MassageBlind - Association de masseurs m\u00e9dicaux malvoyants et aveugles<\/title>\n<meta name=\"description\" content=\"MassageBlind - MassageBlind - Association de masseurs m\u00e9dicaux malvoyants et aveugles. Nous nous engageons \u00e0 compenser les d\u00e9savantages de nos professionnels.\" \/>\n<meta name=\"robots\" content=\"index, follow, max-snippet:-1, max-image-preview:large, max-video-preview:-1\" \/>\n<link rel=\"canonical\" href=\"https:\/\/massageblind.ch\/fr\/\" \/>\n<meta property=\"og:locale\" content=\"fr_FR\" \/>\n<meta property=\"og:type\" content=\"article\" \/>\n<meta property=\"og:title\" content=\"MassageBlind - Association de masseurs m\u00e9dicaux malvoyants et aveugles\" \/>\n<meta property=\"og:description\" content=\"MassageBlind - MassageBlind - Association de masseurs m\u00e9dicaux malvoyants et aveugles. Nous nous engageons \u00e0 compenser les d\u00e9savantages de nos professionnels.\" \/>\n<meta property=\"og:url\" content=\"https:\/\/massageblind.ch\/fr\/\" \/>\n<meta property=\"og:site_name\" content=\"MassageBlind\" \/>\n<meta property=\"article:modified_time\" content=\"2026-04-30T09:27:13+00:00\" \/>\n<meta name=\"twitter:card\" content=\"summary_large_image\" \/>\n<meta name=\"twitter:label1\" content=\"Dur\u00e9e de lecture estim\u00e9e\" \/>\n\t<meta name=\"twitter:data1\" content=\"1 minute\" \/>\n<script type=\"application\/ld+json\" class=\"yoast-schema-graph\">{\"@context\":\"https:\\\/\\\/schema.org\",\"@graph\":[{\"@type\":\"WebPage\",\"@id\":\"https:\\\/\\\/massageblind.ch\\\/fr\\\/\",\"url\":\"https:\\\/\\\/massageblind.ch\\\/fr\\\/\",\"name\":\"MassageBlind - Association de masseurs m\u00e9dicaux malvoyants et aveugles\",\"isPartOf\":{\"@id\":\"https:\\\/\\\/massageblind.ch\\\/#website\"},\"datePublished\":\"2019-04-24T07:44:07+00:00\",\"dateModified\":\"2026-04-30T09:27:13+00:00\",\"description\":\"MassageBlind - MassageBlind - Association de masseurs m\u00e9dicaux malvoyants et aveugles. Nous nous engageons \u00e0 compenser les d\u00e9savantages de nos professionnels.\",\"breadcrumb\":{\"@id\":\"https:\\\/\\\/massageblind.ch\\\/fr\\\/#breadcrumb\"},\"inLanguage\":\"fr-FR\",\"potentialAction\":[{\"@type\":\"ReadAction\",\"target\":[\"https:\\\/\\\/massageblind.ch\\\/fr\\\/\"]}]},{\"@type\":\"BreadcrumbList\",\"@id\":\"https:\\\/\\\/massageblind.ch\\\/fr\\\/#breadcrumb\",\"itemListElement\":[{\"@type\":\"ListItem\",\"position\":1,\"name\":\"Startseite\",\"item\":\"https:\\\/\\\/massageblind.ch\\\/fr\\\/\"},{\"@type\":\"ListItem\",\"position\":2,\"name\":\"Home\"}]},{\"@type\":\"WebSite\",\"@id\":\"https:\\\/\\\/massageblind.ch\\\/#website\",\"url\":\"https:\\\/\\\/massageblind.ch\\\/\",\"name\":\"MassageBlind\",\"description\":\"Schweizerischer Verband der sehbehinderten und blinden Med. Masseure\",\"publisher\":{\"@id\":\"https:\\\/\\\/massageblind.ch\\\/#organization\"},\"potentialAction\":[{\"@type\":\"SearchAction\",\"target\":{\"@type\":\"EntryPoint\",\"urlTemplate\":\"https:\\\/\\\/massageblind.ch\\\/?s={search_term_string}\"},\"query-input\":{\"@type\":\"PropertyValueSpecification\",\"valueRequired\":true,\"valueName\":\"search_term_string\"}}],\"inLanguage\":\"fr-FR\"},{\"@type\":\"Organization\",\"@id\":\"https:\\\/\\\/massageblind.ch\\\/#organization\",\"name\":\"MassageBlind\",\"url\":\"https:\\\/\\\/massageblind.ch\\\/\",\"logo\":{\"@type\":\"ImageObject\",\"inLanguage\":\"fr-FR\",\"@id\":\"https:\\\/\\\/massageblind.ch\\\/#\\\/schema\\\/logo\\\/image\\\/\",\"url\":\"https:\\\/\\\/massageblind.ch\\\/wp-content\\\/uploads\\\/2019\\\/09\\\/Logo-MassageBlind-Farben.jpg\",\"contentUrl\":\"https:\\\/\\\/massageblind.ch\\\/wp-content\\\/uploads\\\/2019\\\/09\\\/Logo-MassageBlind-Farben.jpg\",\"width\":1000,\"height\":750,\"caption\":\"MassageBlind\"},\"image\":{\"@id\":\"https:\\\/\\\/massageblind.ch\\\/#\\\/schema\\\/logo\\\/image\\\/\"}}]}<\/script>\n<!-- \/ Yoast SEO plugin. -->","yoast_head_json":{"title":"MassageBlind - Association de masseurs m\u00e9dicaux malvoyants et aveugles","description":"MassageBlind - MassageBlind - Association de masseurs m\u00e9dicaux malvoyants et aveugles. Nous nous engageons \u00e0 compenser les d\u00e9savantages de nos professionnels.","robots":{"index":"index","follow":"follow","max-snippet":"max-snippet:-1","max-image-preview":"max-image-preview:large","max-video-preview":"max-video-preview:-1"},"canonical":"https:\/\/massageblind.ch\/fr\/","og_locale":"fr_FR","og_type":"article","og_title":"MassageBlind - Association de masseurs m\u00e9dicaux malvoyants et aveugles","og_description":"MassageBlind - MassageBlind - Association de masseurs m\u00e9dicaux malvoyants et aveugles. Nous nous engageons \u00e0 compenser les d\u00e9savantages de nos professionnels.","og_url":"https:\/\/massageblind.ch\/fr\/","og_site_name":"MassageBlind","article_modified_time":"2026-04-30T09:27:13+00:00","twitter_card":"summary_large_image","twitter_misc":{"Dur\u00e9e de lecture estim\u00e9e":"1 minute"},"schema":{"@context":"https:\/\/schema.org","@graph":[{"@type":"WebPage","@id":"https:\/\/massageblind.ch\/fr\/","url":"https:\/\/massageblind.ch\/fr\/","name":"MassageBlind - Association de masseurs m\u00e9dicaux malvoyants et aveugles","isPartOf":{"@id":"https:\/\/massageblind.ch\/#website"},"datePublished":"2019-04-24T07:44:07+00:00","dateModified":"2026-04-30T09:27:13+00:00","description":"MassageBlind - MassageBlind - Association de masseurs m\u00e9dicaux malvoyants et aveugles. Nous nous engageons \u00e0 compenser les d\u00e9savantages de nos professionnels.","breadcrumb":{"@id":"https:\/\/massageblind.ch\/fr\/#breadcrumb"},"inLanguage":"fr-FR","potentialAction":[{"@type":"ReadAction","target":["https:\/\/massageblind.ch\/fr\/"]}]},{"@type":"BreadcrumbList","@id":"https:\/\/massageblind.ch\/fr\/#breadcrumb","itemListElement":[{"@type":"ListItem","position":1,"name":"Startseite","item":"https:\/\/massageblind.ch\/fr\/"},{"@type":"ListItem","position":2,"name":"Home"}]},{"@type":"WebSite","@id":"https:\/\/massageblind.ch\/#website","url":"https:\/\/massageblind.ch\/","name":"MassageBlind","description":"Schweizerischer Verband der sehbehinderten und blinden Med. Masseure","publisher":{"@id":"https:\/\/massageblind.ch\/#organization"},"potentialAction":[{"@type":"SearchAction","target":{"@type":"EntryPoint","urlTemplate":"https:\/\/massageblind.ch\/?s={search_term_string}"},"query-input":{"@type":"PropertyValueSpecification","valueRequired":true,"valueName":"search_term_string"}}],"inLanguage":"fr-FR"},{"@type":"Organization","@id":"https:\/\/massageblind.ch\/#organization","name":"MassageBlind","url":"https:\/\/massageblind.ch\/","logo":{"@type":"ImageObject","inLanguage":"fr-FR","@id":"https:\/\/massageblind.ch\/#\/schema\/logo\/image\/","url":"https:\/\/massageblind.ch\/wp-content\/uploads\/2019\/09\/Logo-MassageBlind-Farben.jpg","contentUrl":"https:\/\/massageblind.ch\/wp-content\/uploads\/2019\/09\/Logo-MassageBlind-Farben.jpg","width":1000,"height":750,"caption":"MassageBlind"},"image":{"@id":"https:\/\/massageblind.ch\/#\/schema\/logo\/image\/"}}]}},"_links":{"self":[{"href":"https:\/\/massageblind.ch\/fr\/wp-json\/wp\/v2\/pages\/809","targetHints":{"allow":["GET"]}}],"collection":[{"href":"https:\/\/massageblind.ch\/fr\/wp-json\/wp\/v2\/pages"}],"about":[{"href":"https:\/\/massageblind.ch\/fr\/wp-json\/wp\/v2\/types\/page"}],"author":[{"embeddable":true,"href":"https:\/\/massageblind.ch\/fr\/wp-json\/wp\/v2\/users\/1"}],"replies":[{"embeddable":true,"href":"https:\/\/massageblind.ch\/fr\/wp-json\/wp\/v2\/comments?post=809"}],"version-history":[{"count":6,"href":"https:\/\/massageblind.ch\/fr\/wp-json\/wp\/v2\/pages\/809\/revisions"}],"predecessor-version":[{"id":1704,"href":"https:\/\/massageblind.ch\/fr\/wp-json\/wp\/v2\/pages\/809\/revisions\/1704"}],"wp:attachment":[{"href":"https:\/\/massageblind.ch\/fr\/wp-json\/wp\/v2\/media?parent=809"}],"curies":[{"name":"wp","href":"https:\/\/api.w.org\/{rel}","templated":true}]}}

<p>&nbsp;</p>
<h1>Association Suisse des Massothérapeutes Médicaux Malvoyants et Aveugles</h1>
<p>L&rsquo;association MassageBlind a été fondée le 19 janvier 2019 lors de la réunion de fondation à Olten à l&rsquo;hôtel d&rsquo;Olten.</p>
<p>Il défend principalement les masseurs médicaux malvoyants et aveugles titulaires d&rsquo;une certification fédérale ou pour les masseurs médicaux titulaires d&rsquo;une qualification SRK. D&rsquo;autres masseurs labellisés EMR ont également la possibilité d&rsquo;être représentés au sein de l&rsquo;association.</p>
<p>MassageBlind s&rsquo;engage à compenser les désavantages de ses professionnels, travaille avec des centres de formation, des organismes publics comme l&rsquo;EMR ou l&rsquo;OdA MM, l&rsquo;organisation faîtière des masseurs médicaux EFA, et avec d&rsquo;autres associations professionnelles ainsi que la SBV.</p>
<p>Le siège de l&rsquo;association se trouve dans le canton de Lucerne.</p>
<strong>Georg Moser</strong><br />
<strong>Président MassageBlind</strong><br />
Badrain 7<br />
6210 Sursee / LU
<p>Tél. 041 921 3838</p>
<p>Mobile 079 371 7766</p>
<a href="mailto:info@medmass-moser.ch">info@medmass-moser.ch<br />
</a><a href="http://www.medmass-moser.ch/">www.medmass-moser.ch</a>

<div class="gsp_post_data" 
	            data-post_type="page" 
	            data-cat="" 
	            data-modified="112"
	            data-created="1556099047"
	            data-title="Home" 
	            data-home="https://massageblind.ch/fr/"></div>

<div class="entry-summary">
<div class="entry-summary">
&nbsp; Association Suisse des Massothérapeutes Médicaux Malvoyants et Aveugles L&rsquo;association MassageBlind a été fondée le 19 janvier 2019 lors de la réunion de fondation à Olten à l&rsquo;hôtel d&rsquo;Olten. Il défend principalement les masseurs médicaux malvoyants et aveugles titulaires d&rsquo;une&hellip;
</div>
<div class="link-more"><a href="https://massageblind.ch/fr/" class="more-link">Continue reading<span class="screen-reader-text"> &ldquo;Home&rdquo;</span>&hellip;</a></div>
</div>
<div class="link-more"><a href="https://massageblind.ch/fr/" class="more-link">Continue reading<span class="screen-reader-text"> &ldquo;Home&rdquo;</span>&hellip;</a></div>

<!-- This site is optimized with the Yoast SEO plugin v27.5 - https://yoast.com/product/yoast-seo-wordpress/ -->
<title>MassageBlind - Association de masseurs médicaux malvoyants et aveugles</title>
<meta name="description" content="MassageBlind - MassageBlind - Association de masseurs médicaux malvoyants et aveugles. Nous nous engageons à compenser les désavantages de nos professionnels." />
<meta name="robots" content="index, follow, max-snippet:-1, max-image-preview:large, max-video-preview:-1" />
<link rel="canonical" href="https://massageblind.ch/fr/" />
<meta property="og:locale" content="fr_FR" />
<meta property="og:type" content="article" />
<meta property="og:title" content="MassageBlind - Association de masseurs médicaux malvoyants et aveugles" />
<meta property="og:description" content="MassageBlind - MassageBlind - Association de masseurs médicaux malvoyants et aveugles. Nous nous engageons à compenser les désavantages de nos professionnels." />
<meta property="og:url" content="https://massageblind.ch/fr/" />
<meta property="og:site_name" content="MassageBlind" />
<meta property="article:modified_time" content="2026-04-30T09:27:13+00:00" />
<meta name="twitter:card" content="summary_large_image" />
<meta name="twitter:label1" content="Durée de lecture estimée" />
	<meta name="twitter:data1" content="1 minute" />
<script type="application/ld+json" class="yoast-schema-graph">{"@context":"https:\/\/schema.org","@graph":[{"@type":"WebPage","@id":"https:\/\/massageblind.ch\/fr\/","url":"https:\/\/massageblind.ch\/fr\/","name":"MassageBlind - Association de masseurs médicaux malvoyants et aveugles","isPartOf":{"@id":"https:\/\/massageblind.ch\/#website"},"datePublished":"2019-04-24T07:44:07+00:00","dateModified":"2026-04-30T09:27:13+00:00","description":"MassageBlind - MassageBlind - Association de masseurs médicaux malvoyants et aveugles. Nous nous engageons à compenser les désavantages de nos professionnels.","breadcrumb":{"@id":"https:\/\/massageblind.ch\/fr\/#breadcrumb"},"inLanguage":"fr-FR","potentialAction":[{"@type":"ReadAction","target":["https:\/\/massageblind.ch\/fr\/"]}]},{"@type":"BreadcrumbList","@id":"https:\/\/massageblind.ch\/fr\/#breadcrumb","itemListElement":[{"@type":"ListItem","position":1,"name":"Startseite","item":"https:\/\/massageblind.ch\/fr\/"},{"@type":"ListItem","position":2,"name":"Home"}]},{"@type":"WebSite","@id":"https:\/\/massageblind.ch\/#website","url":"https:\/\/massageblind.ch\/","name":"MassageBlind","description":"Schweizerischer Verband der sehbehinderten und blinden Med. Masseure","publisher":{"@id":"https:\/\/massageblind.ch\/#organization"},"potentialAction":[{"@type":"SearchAction","target":{"@type":"EntryPoint","urlTemplate":"https:\/\/massageblind.ch\/?s={search_term_string}"},"query-input":{"@type":"PropertyValueSpecification","valueRequired":true,"valueName":"search_term_string"}}],"inLanguage":"fr-FR"},{"@type":"Organization","@id":"https:\/\/massageblind.ch\/#organization","name":"MassageBlind","url":"https:\/\/massageblind.ch\/","logo":{"@type":"ImageObject","inLanguage":"fr-FR","@id":"https:\/\/massageblind.ch\/#\/schema\/logo\/image\/","url":"https:\/\/massageblind.ch\/wp-content\/uploads\/2019\/09\/Logo-MassageBlind-Farben.jpg","contentUrl":"https:\/\/massageblind.ch\/wp-content\/uploads\/2019\/09\/Logo-MassageBlind-Farben.jpg","width":1000,"height":750,"caption":"MassageBlind"},"image":{"@id":"https:\/\/massageblind.ch\/#\/schema\/logo\/image\/"}}]}</script>
<!-- / Yoast SEO plugin. -->

MassageBlind - Association de masseurs médicaux malvoyants et aveugles

MassageBlind - MassageBlind - Association de masseurs médicaux malvoyants et aveugles. Nous nous engageons à compenser les désavantages de nos professionnels.
